. Determine g(2).
-16
Let z(g) = -3*g**2 + 5*g - 13. Let l(d) = -4*d**2 + 7*d - 15. Let f(j) = -2*l(j) + 3*z(j). Calculate f(0).
-9
Let f(c) be the second derivative of -c**3/2 - 3*c**2/2 - 15*c + 5. Determine f(-2).
3
Let y(f) = f + 6. Let j = 16 - 9. Suppose -j*n + 9*n + 16 = 0. What is y(n)?
-2
Let i(k) be the first derivative of -5*k + 1/2*k**2 - 11. Calculate i(3).
-2
Let p(q) = -26*q - 3 + 5*q + 14*q. Let h(c) = 15*c + 6. Let s(a) = a - 13. Let r be s(0). Let l(k) = r*p(k) - 6*h(k). Determine l(3).
6
Let d(y) = -y**2 + 5*y + 4. Let z be ((-4)/8)/(3/(-12)). Let l be (12/1)/(z/1). Let o be 6*1 - (6 - l). Calculate d(o).
-2
Let b(w) be the first derivative of 3 + 1/2*w**2 + 0*w - 1/3*w**3 + 1/4*w**4. Let y(z) = z**2 - 10*z + 10. Let f be y(9). Calculate b(f).
1
Let y = 87 - 90. Let g = 0 + y. Let n(f) = f**3 + 4*f**2 + f - 4. Give n(g).
2
Suppose -3*u + 8*n = 4*n + 27, -4*u - 29 = -3*n. Let h(g) = -g**2 - 3*g + 6. Calculate h(u).
-4
Let y(k) be the second derivative of -k**5/60 + k**4/24 - 5*k**3/3 + 17*k**2/2 + 15*k. Let w(j) be the first derivative of y(j). Determine w(0).
-10
Let p(q) be the second derivative of 7*q**4/12 - q**3/2 - q**2 - 69*q. Determine p(-2).
32
Suppose -3*s + 174 = 3*r, r = -r + 3*s + 136. Let g(d) = -r + 32 + 31 + 3*d. Give g(2).
7
Suppose 23*o - 111 - 19 = -38. Let r(s) be the first derivative of 3*s - 1/4*s**4 + 5/3*s**3 - 5/2*s**2 + 1. Calculate r(o).
-1
Let q(c) = -c - 2. Let r be (-4)/3*12/8. Let m be q(r). Let t(j) = j - 5. Determine t(m).
-5
Suppose -6*t + 4 = -4*t. Let g(s) = -s - 6 + 7 + t*s. Determine g(-5).
-4
Let x(z) be the first derivative of z**4/4 - 4*z**3/3 + z**2 + 2*z + 92. Determine x(4).
10
Let y(u) = u**2 + 5*u + 4. Let a = 233 + -238. What is y(a)?
4
Let u(j) = 7*j. Suppose 5*q - 688 = -698. Calculate u(q).
-14
Suppose -98*a + 97*a = -5. Suppose -6 - 3 = y - 2*v, 4*y + v + 27 = 0. Let s(n) = -n + 11. Let w(i) = 3*i - 33. Let u(k) = y*s(k) - 2*w(k). Calculate u(a).
-6
Let y(j) = 11*j**2 + 5*j - 12. Let s(x) = 14*x**2 + 5*x - 13. Let a(z) = 4*s(z) - 5*y(z). What is a(7)?
22
Let i(y) be the third derivative of y**6/120 + y**5/20 - 5*y**4/24 - 2*y**3/3 - y**2. Suppose -5*w + 127 - 147 = 0. Determine i(w).
0
Let l be (-2 - 0)/((-196)/140*4/(-14)). Let r(n) = 3*n**2 + 8*n - 3. Let q(p) = -16*p**2 - 41*p + 16. Let w(v) = 2*q(v) + 11*r(v). Give w(l).
-6
Let y(a) = -2*a**3 + 10*a - 10 - 10*a**2 + a**3 + 8*a**3 - 8*a**3. Give y(-11).
1
Let r(v) be the third derivative of -1/6*v**3 + 1/120*v**6 + 0*v**5 - 13*v**2 - 1/12*v**4 + 0*v + 0. Determine r(-1).
0
Let z(a) = 2*a + 5*a - 17*a + 10 + 3*a + 9*a. What is z(-3)?
4
Suppose 2*o - 3*a = -60, -3*a = 3*o + 2*o + 129. Let k be (-222)/o + (-6)/27. Let w(h) = h**3 - 7*h**2 - 7*h - 10. Calculate w(k).
-2
Let d(p) be the second derivative of p**4/12 - 3*p**2/2 - p - 1. Determine d(-6).
33
Let s(u) = -1992*u + 12*u**2 - 1995*u - u**3 + 3977*u - 2. Calculate s(11).
9
Let o(i) = -19 + 9 - 1 + 2 + 8 + 5*i. Let d = -2 - -1. Calculate o(d).
-6
Let p(z) = z + 9. Let g be p(-4). Let r = -4 - g. Let l(o) = o**2 + 9*o - 6. Let f be l(r). Let h(j) = j**2 + 6*j. Give h(f).
0
Let b(n) be the third derivative of n**7/5040 - n**6/720 + 3*n**5/4 + 10*n**2. Let a(v) be the third derivative of b(v). Let f = 8 + -14. Calculate a(f).
-7
Let q(w) = -w - 1. Let y(o) = o**2 + 15*o + 18. Let p be y(-14). Suppose 2*u - 3*u = -3*n + 1, 24 = -p*u + 2*n. Determine q(u).
6
Let o(x) be the second derivative of x**3/6 - 3*x**2/2 - 325*x - 1. Determine o(3).
0
Let k(o) = o**3 - 11*o**2 - 12*o + 20. Let u(b) = -b**2 + 105*b - 1104. Let v be u(12). Determine k(v).
20
Suppose -4*f - 8 = -3*s - s, 5*s + 2*f = 10. Suppose l + 4*h = -l + 16, -2*h + s = 0. Let d(o) = -o**3 + 7*o**2 - 5*o - 4. Calculate d(l).
2
Let f(m) = -m**3 + 4*m**2 + m - 1. Let g be f(3). Suppose -4*o = 3 - g. Let y(n) = 4*n + n - 2*n - o*n - 9. Give y(0).
-9
Let j be -1 + 5/(1/((-24)/(-20))). Suppose -4*a + 3*a = -3*b + j, 2*b - 2 = 0. Let t(z) = -z**2 - z - 2. Determine t(a).
-4
Let r(n) = n**2 - 11*n - 11. Let u(f) = f**2 - 10*f - 10. Let m = 408 - 413. Let x be 6 + 2/4*0. Let c(a) = m*r(a) + x*u(a). Give c(6).
1
Let h(y) = -10740*y + 10748*y + 3 + y**2 + 5. What is h(-5)?
-7
Let h(x) = -x**2 + 2*x + 13. Let l(y) = -2*y**2 + 6*y + 27. Let r(b) = -5*h(b) + 2*l(b). Determine r(-4).
-3
Let l(u) = u**2 + 11*u + 9. Let m(c) = -7*c**3 - 2*c**2 + 3*c - 2. Let b be m(1). Determine l(b).
-15
Let q(y) = 19*y**3 + 30024*y**2 - 30024*y**2. Calculate q(1).
19
Let a(f) be the third derivative of -f**4/12 + 3*f**3 + 2*f**2 - 3*f. Let k be a(10). Let s(c) = -c**3 - 2*c - 2. Calculate s(k).
10
Let y(t) = t**2 + 22*t + 120. Let n be y(-12). Let r(q) = -3*q**2 - 3*q + 2*q**2 - 12 + 4*q - q**3. Calculate r(n).
-12
Let b be (0 + -1 - 1)/(58 + -56). Let w(o) = 10*o + 2. What is w(b)?
-8
Let p(u) = 1. Let n be 3/(-3*2/(-6)). Suppose r - 4*d = 1, 3*r = 8*d - 4*d + n. Let q(o) = -o - 6. Let k(b) = r*q(b) - 2*p(b). Determine k(-4).
-4
Suppose 4*c - 31 - 1 = 0. Let f(h) = h**2 - 3 - c*h + 7 + 0. What is f(7)?
-3
Let w = 28 + -25. Let o(v) = -3*v + v**w + 1 + 0*v**3 - 5*v + 6*v + 4*v**2. Calculate o(-4).
9
Let b be 28/(-35)*(-10)/4. Let r be 2 + (0/(-3))/(-3). Let i(q) = r*q**b + 3*q**2 + 1 + 0*q**2 + q - 4*q**3 - 4*q**2. Give i(-1).
5
Let r(u) = -u**3 - 9*u**2 + u + 8. Suppose 3*t + 15 = -3*x, 5*x - 52 = 9*x - 4*t. Give r(x).
-1
Let x(t) = 5*t**2 + 2*t + 2. Let s(j) = 4*j**2 + 2*j + 1. Let z be (8/(-16))/((-2)/20)*1. Let a(m) = z*x(m) - 6*s(m). Determine a(4).
12
Let s(q) = 2*q**2 - 6*q + 5. Let d = -521 + 524. Calculate s(d).
5
Let v(l) = -l**2 - 4*l + 7. Let p be v(-5). Let r(w) = -3*w**3 + p*w**3 + 2483 + 2*w + 3*w**2 - 2483. What is r(3)?
6
Let v(x) = x**2 - x + 20. Let o be v(0). Let u(a) = -3 - 13*a - o*a + 32*a. Suppose k = -3*l + 4*l - 1, -5*k + 3*l = 7. Determine u(k).
-1
Let l be (-5)/(-900)*57/19. Let m(i) be the third derivative of -l*i**5 - 1/24*i**4 + 0*i**3 + 0 - 13*i**2 + 0*i. Calculate m(-1).
0
Let o be (-1)/(-5) + 2/(-10). Let s(c) = c. Let q(g) = -g**2 - 6*g + 3. Let u(z) = -q(z) - 6*s(z). What is u(o)?
-3
Suppose 17 = 5*w + 3*r - 4, -2*r + 6 = 2*w. Let a(q) = -7*q + 8*q + w - 9. Determine a(3).
0
Let g(w) = -w. Let j(k) = -k**3 + k**2 + 5*k - 2. Let r(i) = -4*g(i) - j(i). What is r(-2)?
-8
Let d(l) = 30*l**3 + l**2 - l. Let s be (-15)/9 + (-184)/(-69). Give d(s).
30
Let w be (-79 - -3)/(-4) + -4. Suppose -u + 5 = z + w, 4*z = 2*u - 10. Let v(x) = x - 7. Calculate v(u).
-12
Let y(i) = -3*i - 10*i**2 + 14*i**2 - 6*i**2 + 2. Determine y(2).
-12
Let f(q) = q**3 - 7*q**2 - 9*q + 8. Suppose 201 = 21*p + 33. Determine f(p).
0
Let i = -32 + 34. Let x(b) = -b - 1 - b + 3*b + 2*b**i + 0*b. Calculate x(-2).
5
Let c(b) = -b**2 + 7*b - 5. Suppose 7*y - 96 = -9*y. Suppose 56 = 20*g - y*g. Determine c(g).
7
Let w(o) = -100*o + 4. Let y be w(-1). Let z(c) = -c + 55 + 55 - y. Give z(8).
-2
Suppose 3*f - 30 = -3*w, -w - 2*f + 9 = -4. Let d(n) = 3*n**2 + n**3 - w*n**2 - 8*n**2 + 4 - 6. Give d(12).
-2
Let k(u) = -u - 6. Suppose 0 = j + 4*j - 20. Suppose 4*z + 158 - 190 = 0. Suppose -2*y - j = z. Determine k(y).
0
Let a(z) = z**3 + 4*z**2 - 4*z + 1. Let i be a(-5). Let y(t) = 4*t + 14. Let v(o) = 2*o + 8. Let k(d) = -7*v(d) + 4*y(d). Give k(i).
-8
Let i(b) = 8*b + 39. Let a(s) = 5*s + 20. Let r(j) = 7*a(j) - 4*i(j). Give r(10).
14
Suppose 7 = -m + 8*m. Let v(q) = -1. Let x(n) = 8*n - 2. Let l(y) = m*x(y) - 5*v(y). Give l(-2).
-13
Suppose -m = -4*g + 3*g + 6, 0 = -3*m - 5*g - 34. Let x(s) = 4*s - 7*s**2 + 61791455*s**3 - 61791456*s**3 + 2 + 3*s. What is x(m)?
10
Let d(k) = 3*k**3 - 6*k**2 + 4*k + 9. Let r = 70 + -69. Let a(w) = -w**3 - w - 1. Let m(g) = r*d(g) + 4*a(g). Calculate m(-6).
5
Let j(w) be the third derivative of -w**5/60 + 7*w**4/24 + 3*w**3 + 490*w**2. Calculate j(9).
0
Let x(l) = -l - 4. Suppose -18*c + 7 = -47. Give x(c).
-7
Let r(z) = 4*z**3 + 9*z**2 - 3*z**3 - 11*z + 0*z**3. Determine r(-10).
10
Suppose 0 = -2*u + 6 - 0. Let n(z) = 4*z - 7. Let a(h) = 3*h - 7. Let g(f) = u*a(f) - 2*n(f). What is g(8)?
1
Suppose -160*o + 1 = -161*o. Let n(s) = -6*s**3 + s. What is n(o)?
5
Let j(y) be the second derivative of -11*y**5/20 - y**4/6 + y**2/2 + 281*y. Give j(-1).
10
Let q(g) = -6*g**3 - 35*g**2 - 72*g + 88. Let t(b) = b**3 + 7*b**2 + 14*b 